{"id":5142,"date":"2023-03-31T02:38:14","date_gmt":"2023-03-31T02:38:14","guid":{"rendered":"http:\/\/www.crvtax.com\/test\/?page_id=5142"},"modified":"2023-05-11T04:33:43","modified_gmt":"2023-05-11T04:33:43","slug":"documentos","status":"publish","type":"page","link":"http:\/\/www.crvtax.com\/test\/documentos\/","title":{"rendered":"Documentos"},"content":{"rendered":"\t\t<div data-elementor-type=\"wp-page\" data-elementor-id=\"5142\" class=\"elementor elementor-5142\">\n\t\t\t\t\t\t\t\t\t<section class=\"elementor-section elementor-top-section elementor-element elementor-element-78af136 elementor-section-full_width section-padding elementor-section-height-default elementor-section-height-default\" data-id=\"78af136\" data-element_type=\"section\">\n\t\t\t\t\t\t<div class=\"elementor-container elementor-column-gap-no\">\n\t\t\t\t\t<div class=\"elementor-column elementor-col-100 elementor-top-column elementor-element elementor-element-8eaa3c1\" data-id=\"8eaa3c1\" data-element_type=\"column\">\n\t\t\t<div class=\"elementor-widget-wrap elementor-element-populated\">\n\t\t\t\t\t\t\t\t<div class=\"elementor-element elementor-element-9fb3e0d elementor-widget elementor-widget-about_us\" data-id=\"9fb3e0d\" data-element_type=\"widget\" data-widget_type=\"about_us.default\">\n\t\t\t\t<div class=\"elementor-widget-container\">\n\t\t\t\t\t\r\n\t\t\r\n\t\t\t\t\t<div class=\"about__three\">\r\n\t\t\t\t<div class=\"container\">\r\n\t\t\t\t\t<div class=\"row align-items-center\">\r\n\t\t\t\t\t\t<div class=\"col-xl-5 col-lg-6 lg-mb-30\">\r\n\t\t\t\t\t\t\t<div class=\"about__three-title\">\r\n\t\t\t\t\t\t\t\t<span class=\"subtitle-three\">Envio de documentos<\/span>\r\n\t\t\t\t\t\t\t\t<h2>Env\u00edanos tus documentos.<\/h2>\r\n\t\t\t\t\t\t\t\t<p>Inmediatamente recibiremos tu informaci\u00f3n para realizar tu proceso lo m\u00e1s pronto posible.<\/p>\r\n\t\t\t\t\t\t\t\t<div class=\"about__three-title-faq\">\r\n\t\t\t\t\t\t\t\t\t<div class=\"about__three-title-faq-icon\">\r\n\t\t\t\t\t\t\t\t\t\t<img decoding=\"async\" class=\"icon-animation\" src=\"http:\/\/www.crvtax.com\/test\/wp-content\/uploads\/2023\/02\/question-1.png\" alt=\"No alt text\" \/>\t\t\t\t\t\t\t\t\t<\/div>\r\n\t\t\t\t\t\t\t\t\t<div class=\"about__three-title-faq-text\">\r\n\t\t\t\t\t\t\t\t\t\t<span class=\"text-one\">\u00bfTienes preguntas? Escr\u00edbenos<\/span>\r\n\t\t\t\t\t\t\t\t\t\t<h6>\r\n\t\t\t\t\t\t\t\t\t\t   \t\t\t\t\t\t\t\t\t\t\t<img decoding=\"async\" class=\"dark-n\" src=\"http:\/\/www.crvtax.com\/test\/wp-content\/themes\/conbix\/assets\/img\/icon\/hand.png\" alt=\"dark\">\r\n\t\t\t\t\t\t\t\t\t\t\t<img decoding=\"async\" class=\"light-n\" src=\"http:\/\/www.crvtax.com\/test\/wp-content\/themes\/conbix\/assets\/img\/icon\/hand-light.png\" alt=\"light\">\r\n\t\t\t\t\t\t\t\t\t\t\t\t\t\t\t\t\t\t\t\t\t\t<a href=\"https:\/\/wa.me\/19149879241\">Whatsapp<\/a>\r\n\t\t\t\t\t\t\t\t\t\t<\/h6>\r\n\t\t\t\t\t\t\t\t\t<\/div>\r\n\t\t\t\t\t\t\t\t<\/div>\r\n\t\t\t\t\t\t\t\t<a class=\"btn-seven\" href=\"https:\/\/forms.gle\/6GaPHKU1BH7G3Fsj7\">Enviar documento<i class=\"far fa-chevron-double-right\"><\/i><\/a>\r\n\t\t\t\t\t\t\t<\/div>\r\n\t\t\t\t\t\t<\/div>\r\n\t\t\t\t\t\t<div class=\"col-xl-7 col-lg-6\">\r\n\t\t\t\t\t\t\t<div class=\"about__three-right\">\r\n\t\t\t\t\t\t\t\t<div class=\"about__three-right-image dark__image\">\r\n\t\t\t\t\t\t\t\t\t<div class=\"about__three-right-image-one\">\r\n\t\t\t\t\t\t\t\t\t\t<img decoding=\"async\" src=\"http:\/\/wpuidemos.com\/wp-content\/uploads\/2023\/02\/about-7.jpg\" alt=\"No alt text\" \/>\t\t\t\t\t\t\t\t\t<\/div>\r\n\t\t\t\t\t\t\t\t\t<img decoding=\"async\" class=\"about__three-right-image-two\" src=\"http:\/\/wpuidemos.com\/wp-content\/uploads\/2023\/02\/about-8.jpg\" alt=\"No alt text\" \/>\t\t\t\t\t\t\t\t<\/div>\r\n\t\t\t\t\t\t\t\t<div class=\"about__three-right-content\">\r\n\t\t\t\t\t\t\t\t\t<div class=\"about__three-right-content-counter\">\r\n\t\t\t\t\t\t\t\t\t\t<h1><span class=\"counter\">10<\/span>k<\/h1>\r\n\t\t\t\t\t\t\t\t\t<\/div>\r\n\t\t\t\t\t\t\t\t\t<p>Clientes satisfechos<\/p>\r\n\t\t\t\t\t\t\t\t<\/div>\r\n\t\t\t\t\t\t\t<\/div>\r\n\t\t\t\t\t\t<\/div>\r\n\t\t\t\t\t<\/div>\r\n\t\t\t\t<\/div>\r\n\t\t\t<\/div>\r\n\t\t\r\n\t\t\r\n\t\t<\/div>\n\t\t\t\t<\/div>\n\t\t\t\t\t<\/div>\n\t\t<\/div>\n\t\t\t\t\t\t\t<\/div>\n\t\t<\/section>\n\t\t\t\t<section class=\"elementor-section elementor-top-section elementor-element elementor-element-7023e44 elementor-section-full_width elementor-section-height-default elementor-section-height-default\" data-id=\"7023e44\" data-element_type=\"section\">\n\t\t\t\t\t\t<div class=\"elementor-container elementor-column-gap-no\">\n\t\t\t\t\t<div class=\"elementor-column elementor-col-100 elementor-top-column elementor-element elementor-element-0f92128\" data-id=\"0f92128\" data-element_type=\"column\">\n\t\t\t<div class=\"elementor-widget-wrap elementor-element-populated\">\n\t\t\t\t\t\t\t\t<div class=\"elementor-element elementor-element-e960d05 elementor-widget elementor-widget-cta\" data-id=\"e960d05\" data-element_type=\"widget\" data-widget_type=\"cta.default\">\n\t\t\t\t<div class=\"elementor-widget-container\">\n\t\t\t        \r\n        \r\n                    <div class=\"about__solution\" style=\"background-image: url(http:\/\/wpuidemos.com\/wp-content\/uploads\/2023\/02\/about-solution.jpg)\">\r\n                <div class=\"container\">\r\n                    <div class=\"row align-items-center\">\r\n                        <div class=\"col-xl-8\">\r\n                            <div class=\"about__solution-left xl-t-center\">\r\n                                <h2>Responsabilidad Y Compromiso<\/h2>\r\n                            <\/div>\r\n                        <\/div>\r\n                        <div class=\"col-xl-4\">\r\n                            <div class=\"about__solution-right t-right xl-t-center\">\r\n                                                                    <a class=\"btn-one\" href=\"#\">Cont\u00e1ctanos<i class=\"far fa-chevron-double-right\"><\/i><\/a>\r\n                                                                                                    <img decoding=\"async\" class=\"about__solution-right-shape left-right-animate\" src=\"http:\/\/light3.themeori.com\/wp-content\/uploads\/sites\/4\/2023\/02\/Shape2.png\" alt=\"shape one\">\r\n                                                            <\/div>\r\n                        <\/div>\r\n                    <\/div>\r\n                <\/div>\r\n            <\/div>\r\n        \r\n        \t\t<\/div>\n\t\t\t\t<\/div>\n\t\t\t\t\t<\/div>\n\t\t<\/div>\n\t\t\t\t\t\t\t<\/div>\n\t\t<\/section>\n\t\t\t\t\t\t\t<\/div>\n\t\t","protected":false},"excerpt":{"rendered":"<p>Envio de documentos Env\u00edanos tus documentos. Inmediatamente recibiremos tu informaci\u00f3n para realizar tu proceso lo m\u00e1s pronto posible. \u00bfTienes preguntas? Escr\u00edbenos Whatsapp Enviar documento 10k Clientes satisfechos Responsabilidad Y Compromiso Cont\u00e1ctanos<\/p>\n","protected":false},"author":1,"featured_media":0,"parent":0,"menu_order":0,"comment_status":"closed","ping_status":"closed","template":"page-builder.php","meta":{"_mi_skip_tracking":false},"aioseo_notices":[],"_links":{"self":[{"href":"http:\/\/www.crvtax.com\/test\/wp-json\/wp\/v2\/pages\/5142"}],"collection":[{"href":"http:\/\/www.crvtax.com\/test\/wp-json\/wp\/v2\/pages"}],"about":[{"href":"http:\/\/www.crvtax.com\/test\/wp-json\/wp\/v2\/types\/page"}],"author":[{"embeddable":true,"href":"http:\/\/www.crvtax.com\/test\/wp-json\/wp\/v2\/users\/1"}],"replies":[{"embeddable":true,"href":"http:\/\/www.crvtax.com\/test\/wp-json\/wp\/v2\/comments?post=5142"}],"version-history":[{"count":16,"href":"http:\/\/www.crvtax.com\/test\/wp-json\/wp\/v2\/pages\/5142\/revisions"}],"predecessor-version":[{"id":5555,"href":"http:\/\/www.crvtax.com\/test\/wp-json\/wp\/v2\/pages\/5142\/revisions\/5555"}],"wp:attachment":[{"href":"http:\/\/www.crvtax.com\/test\/wp-json\/wp\/v2\/media?parent=5142"}],"curies":[{"name":"wp","href":"https:\/\/api.w.org\/{rel}","templated":true}]}}